s digit of 25863?
5
What is the units digit of 7784?
4
What is the units digit of 2666?
6
What is the units digit of 7609?
9
What is the ten thousands digit of 17892?
1
What is the tens digit of 1824?
2
What is the hundreds digit of 184021?
0
What is the tens digit of 6794?
9
What is the units digit of 152790?
0
What is the tens digit of 7792?
9
What is the thousands digit of 1653?
1
What is the hundreds digit of 960?
9
What is the tens digit of 137494?
9
What is the tens digit of 841?
4
What is the hundreds digit of 4568?
5
What is the hundreds digit of 2446?
4
What is the ten thousands digit of 51994?
5
What is the tens digit of 2622?
2
What is the tens digit of 71359?
5
What is the units digit of 1350?
0
What is the tens digit of 4698?
9
What is the thousands digit of 3828?
3
What is the thousands digit of 3174?
3
What is the thousands digit of 7031?
7
What is the thousands digit of 4430?
4
What is the hundreds digit of 2486?
4
What is the hundreds digit of 1114?
1
What is the hundreds digit of 873?
8
What is the units digit of 862?
2
What is the units digit of 604?
4
What is the thousands digit of 9942?
9
What is the thousands digit of 12517?
2
What is the units digit of 519?
9
What is the thousands digit of 133958?
3
What is the units digit of 4499?
9
What is the units digit of 6183?
3
What is the thousands digit of 10242?
0
What is the tens digit of 182?
8
What is the thousands digit of 6091?
6
What is the units digit of 3611?
1
What is the tens digit of 435?
3
What is the thousands digit of 159842?
9
What is the units digit of 86001?
1
What is the thousands digit of 22635?
2
What is the units digit of 9039?
9
What is the units digit of 1531?
1
What is the thousands digit of 42662?
2
What is the thousands digit of 2716?
2
What is the tens digit of 7184?
8
What is the hundreds digit of 684?
6
What is the tens digit of 10361?
6
What is the tens digit of 2610?
1
What is the hundreds digit of 14854?
8
What is the tens digit of 143?
4
What is the hundreds digit of 15341?
3
What is the units digit of 6779?
9
What is the thousands digit of 21870?
1
What is the units digit of 1550?
0
What is the units digit of 8953?
3
What is the hundreds digit of 105033?
0
What is the units digit of 729?
9
What is the thousands digit of 2349?
2
What is the units digit of 7672?
2
What is the tens digit of 69746?
4
What is the units digit of 95903?
3
What is the tens digit of 43?
4
What is the thousands digit of 9641?
9
What is the thousands digit of 5306?
5
What is the hundreds digit of 871?
8
What is the thousands digit of 6385?
6
What is the thousands digit of 14458?
4
What is the units digit of 4?
4
What is the units digit of 188062?
2
What is the units digit of 217?
7
What is the ten thousands digit of 27173?
2
What is the hundreds digit of 54185?
1
What is the hundreds digit of 615?
6
What is the units digit of 2091?
1
What is the hundreds digit of 12854?
8
What is the units digit of 891?
1
What is the tens digit of 1164?
6
What is the units digit of 1154?
4
What is the units digit of 92?
2
What is the units digit of 2480?
0
What is the hundreds digit of 1081?
0
What is the hundreds digit of 409?
4
What is the ten thousands digit of 17824?
1
What is the units digit of 97431?
1
What is the hundreds digit of 116284?
2
What is the hundreds digit of 24680?
6
What is the units digit of 781?
1
What is the thousands digit of 8304?
8
What is the thousands digit of 1049?
1
What is the hundreds digit of 20254?
2
What is the hundreds digit of 16802?
8
What is the thousands digit of 4166?
4
What is the thousands digit of 1570?
1
What is the tens digit of 51508?
0
What is the hundreds digit of 867?
8
What is the hundreds digit of 525?
5
What is the tens digit of 123200?
0
What is the hundreds digit of 7110?
1
What is the units digit of 4698?
8
What is the units digit of 14344?
4
What is the units digit of 712?
2
What is the hundreds digit of 13349?
3
What is the thousands digit of 15407?
5
What is the hundreds digit of 2029?
0
What is the units digit of 5615?
5
What is the hundreds digit of 933?
9
What is the hundreds digit of 1232?
2
What is the hundreds digit of 3255?
2
What is the units digit of 94847?
7
What is the hundreds digit of 29591?
5
What is the tens digit of 2460?
6
What is the ten thousands digit of 163092?
6
What is the thousands digit of 1026?
1
What is the tens digit of 65193?
9
What is the tens digit of 8809?
0
What is the units digit of 23120?
0
What is the hundreds digit of 654?
6
What is the hundreds digit of 100544?
5
What is the ten thousands digit of 162083?
6
What is the units digit of 1160?
0
What is the hundreds digit of 1380?
3
What is the units digit of 259?
9
What is the units digit of 937?
7
What is the hundreds digit of 3755?
7
What is the units digit of 6101?
1
What is the units digit of 1481?
1
What is the tens digit of 144?
4
What is the tens digit of 1777?
7
What is the thousands digit of 61797?
1
What is the tens digit of 2684?
8
What is the thousands digit of 3277?
3
What is the hundreds digit of 100523?
5
What is the units digit of 6329?
9
What is the hundreds digit of 743?
7
What is the tens digit of 1769?
6
What is the units digit of 142?
2
What is the hundreds digit of 913?
9
What is the thousands digit of 5791?
5
What is the tens digit of 2112?
1
What is the hundreds digit of 258?
2
What is the tens digit of 43701?
0
What is the hundreds digit of 8720?
7
What is the units digit of 27?
7
What is the ten thousands digit of 42722?
4
What is the units digit of 5549?
9
What is the thousands digit of 18030?
8
What is the units digit of 1467?
7
What is the units digit of 2150?
0
What is the thousands digit of 5099?
5
What is the units digit of 582?
2
What is the units digit of 3315?
5
What is the tens digit of 3034?
3
What is the units digit of 1003?
3
What is the tens digit of 1028?
2
What is the tens digit of 1018?
1
What is the thousands digit of 17149?
7
What is the units digit of 907?
7
What is the tens digit of 488?
8
What is the tens digit of 35347?
4
What is the units digit of 2643?
3
What is the hundreds digit of 6857?
8
What is the tens digit of 41539?
3
What is the tens digit of 661?
6
What is the thousands digit of 23966?
3
What is the hundreds digit of 3504?
5
What is the units digit of 8994?
4
What is the units digit of 986?
6
What is the units digit of 3422?
2
What is the thousands digit of 1196?
1
What is the hundreds digit of 2011?
0
What is the units digit of 11831?
1
What is the tens digit of 31383?
8
What is the units digit of 93670?
0
What is the ten thousands digit of 23349?
2
What is the hundreds digit of 578?
5
What is the hundreds digit of 25672?
6
What is the tens digit of 3840?
4
What is the ten thousands digit of 21285?
2
What is the units digit of 7274?
4
What is the ten thousands digit of 41065?
4
What is the ten thousands digit of 119718?
1
What is the units digit of 470?
0
What is the thousands digit of 33903?
3
What is the thousands digit of 2356?
2
What is the hundreds digit of 998?
9
What is the hundreds digit of 3029?
0
What is the hundreds digit of 2161?
1
What is the hundreds digit of 2882?
8
What is the thousands digit of 4895?
4
What is the ten thousands digit of 86018?
8
What is the units digit of 9849?
9
What is the tens digit of 12726?
2
What is the units digit of 520?
0
What is the tens digit of 1618?
1
What is the thousands digit of 25269?
5
What is the hundreds digit of 1237?
2
What is the ten thousands digit of 29514?
2
What is the hundreds digit of 4977?
9
What is the tens digit of 32409?
0
What is the units digit of 734?
4
What is the thousands digit of 1711?
1
What is the units digit of 645?
5
What is the units digit of 53428?
8
What is the units digit of 91?
1
What is the units digit of 1401?
1
What is the tens digit of 92?
9
What is the thousands digit of 2392?
2
What is the tens digit of 21033?
3
What is the thousands digit of 23461?
3
What is the units digit of 46?
6
What is the units digit of 28443?
3
What is the hundreds digit of 427?
4
What is the tens digit of 81?
8
What is the tens digit of 77881?
8
What is the tens digit of 64123?
2
What is the tens digit of 524?
2
What is the thousands digit of 1118?
1
What is the tens digit of 1072?
7
What is the hundreds digit of 6494